{"id":871,"date":"2025-03-20T16:47:00","date_gmt":"2025-03-20T16:47:00","guid":{"rendered":"https:\/\/golf.mwmdev.fr\/?page_id=871"},"modified":"2025-04-14T13:43:22","modified_gmt":"2025-04-14T13:43:22","slug":"loisirs","status":"publish","type":"page","link":"https:\/\/golf.mwmdev.fr\/?page_id=871","title":{"rendered":"Loisirs"},"content":{"rendered":"\t\t<div data-elementor-type=\"wp-page\" data-elementor-id=\"871\" class=\"elementor elementor-871\" data-elementor-post-type=\"page\">\n\t\t\t\t<div data-particle_enable=\"false\" data-particle-mobile-disabled=\"false\" class=\"elementor-element elementor-element-5f3b3d5 e-flex e-con-boxed e-con e-parent\" data-id=\"5f3b3d5\" data-element_type=\"container\" data-e-type=\"container\" data-settings=\"{&quot;background_background&quot;:&quot;classic&quot;}\">\n\t\t\t\t\t<div class=\"e-con-inner\">\n\t\t<div data-particle_enable=\"false\" data-particle-mobile-disabled=\"false\" class=\"elementor-element elementor-element-c9f053a e-con-full e-flex e-con e-child\" data-id=\"c9f053a\" data-element_type=\"container\" data-e-type=\"container\">\n\t\t\t\t<div class=\"elementor-element elementor-element-5115298 elementor-widget-mobile__width-inherit elementor-invisible elementor-widget elementor-widget-heading\" data-id=\"5115298\" data-element_type=\"widget\" data-e-type=\"widget\" data-settings=\"{&quot;_animation&quot;:&quot;fadeIn&quot;}\" data-widget_type=\"heading.default\">\n\t\t\t\t<div class=\"elementor-widget-container\">\n\t\t\t\t\t<h2 class=\"elementor-heading-title elementor-size-default\">Espace H\u00f4tel<\/h2>\t\t\t\t<\/div>\n\t\t\t\t<\/div>\n\t\t\t\t<div class=\"elementor-element elementor-element-8b03442 elementor-widget-mobile__width-inherit elementor-invisible elementor-widget elementor-widget-heading\" data-id=\"8b03442\" data-element_type=\"widget\" data-e-type=\"widget\" data-settings=\"{&quot;_animation&quot;:&quot;fadeIn&quot;}\" data-widget_type=\"heading.default\">\n\t\t\t\t<div class=\"elementor-widget-container\">\n\t\t\t\t\t<h2 class=\"elementor-heading-title elementor-size-default\">Les Loisirs<\/h2>\t\t\t\t<\/div>\n\t\t\t\t<\/div>\n\t\t\t\t<div class=\"elementor-element elementor-element-c94d762 elementor-widget__width-inherit elementor-widget elementor-widget-heading\" data-id=\"c94d762\" data-element_type=\"widget\" data-e-type=\"widget\" data-widget_type=\"heading.default\">\n\t\t\t\t<div class=\"elementor-widget-container\">\n\t\t\t\t\t<h2 class=\"elementor-heading-title elementor-size-default\">Un golf 4 saisons<\/h2>\t\t\t\t<\/div>\n\t\t\t\t<\/div>\n\t\t\t\t<div class=\"elementor-element elementor-element-49a33c1 elementor-widget-divider--view-line elementor-widget elementor-widget-divider\" data-id=\"49a33c1\" data-element_type=\"widget\" data-e-type=\"widget\" data-widget_type=\"divider.default\">\n\t\t\t\t<div class=\"elementor-widget-container\">\n\t\t\t\t\t\t\t<div class=\"elementor-divider\">\n\t\t\t<span class=\"elementor-divider-separator\">\n\t\t\t\t\t\t<\/span>\n\t\t<\/div>\n\t\t\t\t\t\t<\/div>\n\t\t\t\t<\/div>\n\t\t\t\t<\/div>\n\t\t\t\t\t<\/div>\n\t\t\t\t<\/div>\n\t\t<div data-particle_enable=\"false\" data-particle-mobile-disabled=\"false\" class=\"elementor-element elementor-element-b8fafe7 e-flex e-con-boxed e-con e-parent\" data-id=\"b8fafe7\" data-element_type=\"container\" data-e-type=\"container\">\n\t\t\t\t\t<div class=\"e-con-inner\">\n\t\t<div data-particle_enable=\"false\" data-particle-mobile-disabled=\"false\" class=\"elementor-element elementor-element-5365c21 e-con-full e-flex e-con e-child\" data-id=\"5365c21\" data-element_type=\"container\" data-e-type=\"container\">\n\t\t<div data-particle_enable=\"false\" data-particle-mobile-disabled=\"false\" class=\"elementor-element elementor-element-d7cd5e7 e-con-full e-flex e-con e-child\" data-id=\"d7cd5e7\" data-element_type=\"container\" data-e-type=\"container\">\n\t\t\t\t<div class=\"elementor-element elementor-element-ad35305 elementor-widget elementor-widget-spacer\" data-id=\"ad35305\" data-element_type=\"widget\" data-e-type=\"widget\" data-settings=\"{&quot;motion_fx_motion_fx_scrolling&quot;:&quot;yes&quot;,&quot;motion_fx_translateY_effect&quot;:&quot;yes&quot;,&quot;motion_fx_translateY_speed&quot;:{&quot;unit&quot;:&quot;px&quot;,&quot;size&quot;:2.5,&quot;sizes&quot;:[]},&quot;motion_fx_translateY_affectedRange&quot;:{&quot;unit&quot;:&quot;%&quot;,&quot;size&quot;:&quot;&quot;,&quot;sizes&quot;:{&quot;start&quot;:0,&quot;end&quot;:100}},&quot;motion_fx_devices&quot;:[&quot;desktop&quot;,&quot;tablet&quot;,&quot;mobile&quot;]}\" data-widget_type=\"spacer.default\">\n\t\t\t\t<div class=\"elementor-widget-container\">\n\t\t\t\t\t\t\t<div class=\"elementor-spacer\">\n\t\t\t<div class=\"elementor-spacer-inner\"><\/div>\n\t\t<\/div>\n\t\t\t\t\t\t<\/div>\n\t\t\t\t<\/div>\n\t\t\t\t<\/div>\n\t\t<div data-particle_enable=\"false\" data-particle-mobile-disabled=\"false\" class=\"elementor-element elementor-element-934413d e-con-full e-flex e-con e-child\" data-id=\"934413d\" data-element_type=\"container\" data-e-type=\"container\">\n\t\t\t\t<div class=\"elementor-element elementor-element-b0e9771 elementor-widget elementor-widget-spacer\" data-id=\"b0e9771\" data-element_type=\"widget\" data-e-type=\"widget\" data-settings=\"{&quot;motion_fx_motion_fx_scrolling&quot;:&quot;yes&quot;,&quot;motion_fx_translateY_effect&quot;:&quot;yes&quot;,&quot;motion_fx_translateY_direction&quot;:&quot;negative&quot;,&quot;motion_fx_translateY_speed&quot;:{&quot;unit&quot;:&quot;px&quot;,&quot;size&quot;:2.5,&quot;sizes&quot;:[]},&quot;motion_fx_translateY_affectedRange&quot;:{&quot;unit&quot;:&quot;%&quot;,&quot;size&quot;:&quot;&quot;,&quot;sizes&quot;:{&quot;start&quot;:0,&quot;end&quot;:100}},&quot;motion_fx_devices&quot;:[&quot;desktop&quot;,&quot;tablet&quot;,&quot;mobile&quot;]}\" data-widget_type=\"spacer.default\">\n\t\t\t\t<div class=\"elementor-widget-container\">\n\t\t\t\t\t\t\t<div class=\"elementor-spacer\">\n\t\t\t<div class=\"elementor-spacer-inner\"><\/div>\n\t\t<\/div>\n\t\t\t\t\t\t<\/div>\n\t\t\t\t<\/div>\n\t\t\t\t<\/div>\n\t\t\t\t<\/div>\n\t\t<div data-particle_enable=\"false\" data-particle-mobile-disabled=\"false\" class=\"elementor-element elementor-element-c65f9dc e-con-full e-flex e-con e-child\" data-id=\"c65f9dc\" data-element_type=\"container\" data-e-type=\"container\" data-settings=\"{&quot;background_background&quot;:&quot;classic&quot;}\">\n\t\t\t\t<div class=\"elementor-element elementor-element-4e5aae7 elementor-widget-tablet__width-inherit elementor-invisible elementor-widget elementor-widget-heading\" data-id=\"4e5aae7\" data-element_type=\"widget\" data-e-type=\"widget\" data-settings=\"{&quot;_animation&quot;:&quot;fadeIn&quot;}\" data-widget_type=\"heading.default\">\n\t\t\t\t<div class=\"elementor-widget-container\">\n\t\t\t\t\t<h2 class=\"elementor-heading-title elementor-size-default\">Visiter les<\/h2>\t\t\t\t<\/div>\n\t\t\t\t<\/div>\n\t\t\t\t<div class=\"elementor-element elementor-element-41f51f9 elementor-widget-tablet__width-inherit elementor-invisible elementor-widget elementor-widget-heading\" data-id=\"41f51f9\" data-element_type=\"widget\" data-e-type=\"widget\" data-settings=\"{&quot;_animation&quot;:&quot;fadeIn&quot;}\" data-widget_type=\"heading.default\">\n\t\t\t\t<div class=\"elementor-widget-container\">\n\t\t\t\t\t<h2 class=\"elementor-heading-title elementor-size-default\">Alentours<\/h2>\t\t\t\t<\/div>\n\t\t\t\t<\/div>\n\t\t\t\t<div class=\"elementor-element elementor-element-8e5f707 elementor-widget__width-inherit elementor-widget elementor-widget-heading\" data-id=\"8e5f707\" data-element_type=\"widget\" data-e-type=\"widget\" data-widget_type=\"heading.default\">\n\t\t\t\t<div class=\"elementor-widget-container\">\n\t\t\t\t\t<h2 class=\"elementor-heading-title elementor-size-default\">Un environnement unique<\/h2>\t\t\t\t<\/div>\n\t\t\t\t<\/div>\n\t\t\t\t<div class=\"elementor-element elementor-element-ad10cb4 animated-slow elementor-invisible elementor-widget elementor-widget-text-editor\" data-id=\"ad10cb4\" data-element_type=\"widget\" data-e-type=\"widget\" data-settings=\"{&quot;_animation&quot;:&quot;fadeIn&quot;,&quot;_animation_delay&quot;:1000}\" data-widget_type=\"text-editor.default\">\n\t\t\t\t<div class=\"elementor-widget-container\">\n\t\t\t\t\t\t\t\t\t<p>La r\u00e9gion est d\u2019une telle richesse ! Au d\u00e9part du Domaine de Charmeil, un large panel d\u2019activit\u00e9s vous est accessible tant sur le plan culturel que sportif.<\/p><p>Lacs, mus\u00e9es, randonn\u00e9es\u2026 N\u2019h\u00e9sitez pas consulter les sites des Offices du Tourisme proches de Charmeil.<\/p>\t\t\t\t\t\t\t\t<\/div>\n\t\t\t\t<\/div>\n\t\t\t\t<\/div>\n\t\t\t\t\t<\/div>\n\t\t\t\t<\/div>\n\t\t<div data-particle_enable=\"false\" data-particle-mobile-disabled=\"false\" class=\"elementor-element elementor-element-f0dd0fa e-flex e-con-boxed e-con e-parent\" data-id=\"f0dd0fa\" data-element_type=\"container\" data-e-type=\"container\" data-settings=\"{&quot;background_background&quot;:&quot;classic&quot;}\">\n\t\t\t\t\t<div class=\"e-con-inner\">\n\t\t<div data-particle_enable=\"false\" data-particle-mobile-disabled=\"false\" class=\"elementor-element elementor-element-b8dd321 e-con-full e-flex e-con e-child\" data-id=\"b8dd321\" data-element_type=\"container\" data-e-type=\"container\">\n\t\t<div data-particle_enable=\"false\" data-particle-mobile-disabled=\"false\" class=\"elementor-element elementor-element-6dc2744 e-con-full e-flex e-con e-child\" data-id=\"6dc2744\" data-element_type=\"container\" data-e-type=\"container\" data-settings=\"{&quot;background_background&quot;:&quot;classic&quot;}\">\n\t\t<div data-particle_enable=\"false\" data-particle-mobile-disabled=\"false\" class=\"elementor-element elementor-element-8659cea e-con-full e-flex e-con e-child\" data-id=\"8659cea\" data-element_type=\"container\" data-e-type=\"container\">\n\t\t\t\t<div class=\"elementor-element elementor-element-7640793 elementor-widget-tablet__width-initial elementor-invisible elementor-widget elementor-widget-heading\" data-id=\"7640793\" data-element_type=\"widget\" data-e-type=\"widget\" data-settings=\"{&quot;_animation&quot;:&quot;fadeIn&quot;}\" data-widget_type=\"heading.default\">\n\t\t\t\t<div class=\"elementor-widget-container\">\n\t\t\t\t\t<h2 class=\"elementor-heading-title elementor-size-default\">Offices <\/h2>\t\t\t\t<\/div>\n\t\t\t\t<\/div>\n\t\t\t\t<div class=\"elementor-element elementor-element-0108b7e elementor-widget-tablet__width-initial elementor-invisible elementor-widget elementor-widget-heading\" data-id=\"0108b7e\" data-element_type=\"widget\" data-e-type=\"widget\" data-settings=\"{&quot;_animation&quot;:&quot;fadeIn&quot;}\" data-widget_type=\"heading.default\">\n\t\t\t\t<div class=\"elementor-widget-container\">\n\t\t\t\t\t<h2 class=\"elementor-heading-title elementor-size-default\">de Tourisme<\/h2>\t\t\t\t<\/div>\n\t\t\t\t<\/div>\n\t\t<div data-particle_enable=\"false\" data-particle-mobile-disabled=\"false\" class=\"elementor-element elementor-element-c8fa17d e-grid e-con-full e-con e-child\" data-id=\"c8fa17d\" data-element_type=\"container\" data-e-type=\"container\">\n\t\t\t\t<div class=\"elementor-element elementor-element-61edbef elementor-widget elementor-widget-image\" data-id=\"61edbef\" data-element_type=\"widget\" data-e-type=\"widget\" data-widget_type=\"image.default\">\n\t\t\t\t<div class=\"elementor-widget-container\">\n\t\t\t\t\t\t\t\t\t\t\t\t\t\t\t\t<a href=\"https:\/\/www.grenoble-tourisme.com\/fr\/\" target=\"_blank\">\n\t\t\t\t\t\t\t<img fetchpriority=\"high\" decoding=\"async\" width=\"225\" height=\"225\" src=\"https:\/\/golf.mwmdev.fr\/wp-content\/uploads\/2025\/03\/ot-grenoble.jpg\" class=\"attachment-large size-large wp-image-875\" alt=\"\" srcset=\"https:\/\/golf.mwmdev.fr\/wp-content\/uploads\/2025\/03\/ot-grenoble.jpg 225w, https:\/\/golf.mwmdev.fr\/wp-content\/uploads\/2025\/03\/ot-grenoble-150x150.jpg 150w\" sizes=\"(max-width: 225px) 100vw, 225px\" \/>\t\t\t\t\t\t\t\t<\/a>\n\t\t\t\t\t\t\t\t\t\t\t\t\t\t\t<\/div>\n\t\t\t\t<\/div>\n\t\t\t\t<div class=\"elementor-element elementor-element-18a009f elementor-widget elementor-widget-image\" data-id=\"18a009f\" data-element_type=\"widget\" data-e-type=\"widget\" data-widget_type=\"image.default\">\n\t\t\t\t<div class=\"elementor-widget-container\">\n\t\t\t\t\t\t\t\t\t\t\t\t\t\t\t\t<a href=\"https:\/\/tourisme.paysvoironnais.com\/\" target=\"_blank\">\n\t\t\t\t\t\t\t<img decoding=\"async\" width=\"225\" height=\"225\" src=\"https:\/\/golf.mwmdev.fr\/wp-content\/uploads\/2025\/03\/ot-pays-voironnais.jpg\" class=\"attachment-large size-large wp-image-873\" alt=\"\" srcset=\"https:\/\/golf.mwmdev.fr\/wp-content\/uploads\/2025\/03\/ot-pays-voironnais.jpg 225w, https:\/\/golf.mwmdev.fr\/wp-content\/uploads\/2025\/03\/ot-pays-voironnais-150x150.jpg 150w\" sizes=\"(max-width: 225px) 100vw, 225px\" \/>\t\t\t\t\t\t\t\t<\/a>\n\t\t\t\t\t\t\t\t\t\t\t\t\t\t\t<\/div>\n\t\t\t\t<\/div>\n\t\t\t\t<div class=\"elementor-element elementor-element-bbc022d elementor-widget elementor-widget-image\" data-id=\"bbc022d\" data-element_type=\"widget\" data-e-type=\"widget\" data-widget_type=\"image.default\">\n\t\t\t\t<div class=\"elementor-widget-container\">\n\t\t\t\t\t\t\t\t\t\t\t\t\t\t\t\t<a href=\"https:\/\/www.vercors-drome.com\/fr\/\" target=\"_blank\">\n\t\t\t\t\t\t\t<img decoding=\"async\" width=\"696\" height=\"696\" src=\"https:\/\/golf.mwmdev.fr\/wp-content\/uploads\/2025\/03\/vercors-drome-office-tourisme.webp\" class=\"attachment-large size-large wp-image-876\" alt=\"\" srcset=\"https:\/\/golf.mwmdev.fr\/wp-content\/uploads\/2025\/03\/vercors-drome-office-tourisme.webp 696w, https:\/\/golf.mwmdev.fr\/wp-content\/uploads\/2025\/03\/vercors-drome-office-tourisme-300x300.webp 300w, https:\/\/golf.mwmdev.fr\/wp-content\/uploads\/2025\/03\/vercors-drome-office-tourisme-150x150.webp 150w\" sizes=\"(max-width: 696px) 100vw, 696px\" \/>\t\t\t\t\t\t\t\t<\/a>\n\t\t\t\t\t\t\t\t\t\t\t\t\t\t\t<\/div>\n\t\t\t\t<\/div>\n\t\t\t\t<\/div>\n\t\t\t\t<\/div>\n\t\t\t\t<\/div>\n\t\t\t\t<\/div>\n\t\t\t\t\t<\/div>\n\t\t\t\t<\/div>\n\t\t\t\t<\/div>\n\t\t","protected":false},"excerpt":{"rendered":"<p>Espace H\u00f4tel Les Loisirs Un golf 4 saisons Visiter les Alentours Un environnement unique La r\u00e9gion est d\u2019une telle richesse ! Au d\u00e9part du Domaine de Charmeil, un large panel d\u2019activit\u00e9s vous est accessible tant sur le plan culturel que sportif. Lacs, mus\u00e9es, randonn\u00e9es\u2026 N\u2019h\u00e9sitez pas consulter les sites des Offices du Tourisme proches de [&hellip;]<\/p>\n","protected":false},"author":2,"featured_media":0,"parent":829,"menu_order":0,"comment_status":"closed","ping_status":"closed","template":"","meta":{"footnotes":""},"class_list":["post-871","page","type-page","status-publish","hentry"],"yoast_head":"<!-- This site is optimized with the Yoast SEO plugin v24.7 - https:\/\/yoast.com\/wordpress\/plugins\/seo\/ -->\n<title>Loisirs | Golf de Charmeil<\/title>\n<meta name=\"description\" content=\"Loisirs | Loisirs au Golf H\u00f4tel de Charmeil | Activit\u00e9s vari\u00e9es en Is\u00e8re : d\u00e9tente, sport, nature et d\u00e9couverte dans un cadre exceptionnel autour du golf.\" \/>\n<meta name=\"robots\" content=\"index, follow, max-snippet:-1, max-image-preview:large, max-video-preview:-1\" \/>\n<link rel=\"canonical\" href=\"https:\/\/golf.mwmdev.fr\/?page_id=871\" \/>\n<meta property=\"og:locale\" content=\"fr_FR\" \/>\n<meta property=\"og:type\" content=\"article\" \/>\n<meta property=\"og:title\" content=\"Loisirs | Golf de Charmeil\" \/>\n<meta property=\"og:description\" content=\"Loisirs | Loisirs au Golf H\u00f4tel de Charmeil | Activit\u00e9s vari\u00e9es en Is\u00e8re : d\u00e9tente, sport, nature et d\u00e9couverte dans un cadre exceptionnel autour du golf.\" \/>\n<meta property=\"og:url\" content=\"https:\/\/golf.mwmdev.fr\/?page_id=871\" \/>\n<meta property=\"og:site_name\" content=\"golf.mwmdev.fr\" \/>\n<meta property=\"article:modified_time\" content=\"2025-04-14T13:43:22+00:00\" \/>\n<meta property=\"og:image\" content=\"https:\/\/golf.mwmdev.fr\/wp-content\/uploads\/2025\/03\/ot-grenoble.jpg\" \/>\n<meta name=\"twitter:card\" content=\"summary_large_image\" \/>\n<meta name=\"twitter:label1\" content=\"Dur\u00e9e de lecture estim\u00e9e\" \/>\n\t<meta name=\"twitter:data1\" content=\"1 minute\" \/>\n<script type=\"application\/ld+json\" class=\"yoast-schema-graph\">{\"@context\":\"https:\/\/schema.org\",\"@graph\":[{\"@type\":\"WebPage\",\"@id\":\"https:\/\/golf.mwmdev.fr\/?page_id=871\",\"url\":\"https:\/\/golf.mwmdev.fr\/?page_id=871\",\"name\":\"Loisirs | Golf de Charmeil\",\"isPartOf\":{\"@id\":\"https:\/\/www.golf.mwmdev.fr\/#website\"},\"primaryImageOfPage\":{\"@id\":\"https:\/\/golf.mwmdev.fr\/?page_id=871#primaryimage\"},\"image\":{\"@id\":\"https:\/\/golf.mwmdev.fr\/?page_id=871#primaryimage\"},\"thumbnailUrl\":\"https:\/\/golf.mwmdev.fr\/wp-content\/uploads\/2025\/03\/ot-grenoble.jpg\",\"datePublished\":\"2025-03-20T16:47:00+00:00\",\"dateModified\":\"2025-04-14T13:43:22+00:00\",\"description\":\"Loisirs | Loisirs au Golf H\u00f4tel de Charmeil | Activit\u00e9s vari\u00e9es en Is\u00e8re : d\u00e9tente, sport, nature et d\u00e9couverte dans un cadre exceptionnel autour du golf.\",\"breadcrumb\":{\"@id\":\"https:\/\/golf.mwmdev.fr\/?page_id=871#breadcrumb\"},\"inLanguage\":\"fr-FR\",\"potentialAction\":[{\"@type\":\"ReadAction\",\"target\":[\"https:\/\/golf.mwmdev.fr\/?page_id=871\"]}]},{\"@type\":\"ImageObject\",\"inLanguage\":\"fr-FR\",\"@id\":\"https:\/\/golf.mwmdev.fr\/?page_id=871#primaryimage\",\"url\":\"https:\/\/golf.mwmdev.fr\/wp-content\/uploads\/2025\/03\/ot-grenoble.jpg\",\"contentUrl\":\"https:\/\/golf.mwmdev.fr\/wp-content\/uploads\/2025\/03\/ot-grenoble.jpg\",\"width\":225,\"height\":225},{\"@type\":\"BreadcrumbList\",\"@id\":\"https:\/\/golf.mwmdev.fr\/?page_id=871#breadcrumb\",\"itemListElement\":[{\"@type\":\"ListItem\",\"position\":1,\"name\":\"Home\",\"item\":\"https:\/\/www.golf.mwmdev.fr\/\"},{\"@type\":\"ListItem\",\"position\":2,\"name\":\"H\u00f4tel\",\"item\":\"https:\/\/golf.mwmdev.fr\/?page_id=829\"},{\"@type\":\"ListItem\",\"position\":3,\"name\":\"Loisirs\"}]},{\"@type\":\"WebSite\",\"@id\":\"https:\/\/www.golf.mwmdev.fr\/#website\",\"url\":\"https:\/\/www.golf.mwmdev.fr\/\",\"name\":\"golf.mwmdev.fr\",\"description\":\"\",\"publisher\":{\"@id\":\"https:\/\/www.golf.mwmdev.fr\/#organization\"},\"potentialAction\":[{\"@type\":\"SearchAction\",\"target\":{\"@type\":\"EntryPoint\",\"urlTemplate\":\"https:\/\/www.golf.mwmdev.fr\/?s={search_term_string}\"},\"query-input\":{\"@type\":\"PropertyValueSpecification\",\"valueRequired\":true,\"valueName\":\"search_term_string\"}}],\"inLanguage\":\"fr-FR\"},{\"@type\":\"Organization\",\"@id\":\"https:\/\/www.golf.mwmdev.fr\/#organization\",\"name\":\"golf.mwmdev.fr\",\"url\":\"https:\/\/www.golf.mwmdev.fr\/\",\"logo\":{\"@type\":\"ImageObject\",\"inLanguage\":\"fr-FR\",\"@id\":\"https:\/\/www.golf.mwmdev.fr\/#\/schema\/logo\/image\/\",\"url\":\"https:\/\/golf.mwmdev.fr\/wp-content\/uploads\/2025\/04\/Logo-Domaine-Charmeil-web.png\",\"contentUrl\":\"https:\/\/golf.mwmdev.fr\/wp-content\/uploads\/2025\/04\/Logo-Domaine-Charmeil-web.png\",\"width\":892,\"height\":567,\"caption\":\"golf.mwmdev.fr\"},\"image\":{\"@id\":\"https:\/\/www.golf.mwmdev.fr\/#\/schema\/logo\/image\/\"}}]}<\/script>\n<!-- \/ Yoast SEO plugin. -->","yoast_head_json":{"title":"Loisirs | Golf de Charmeil","description":"Loisirs | Loisirs au Golf H\u00f4tel de Charmeil | Activit\u00e9s vari\u00e9es en Is\u00e8re : d\u00e9tente, sport, nature et d\u00e9couverte dans un cadre exceptionnel autour du golf.","robots":{"index":"index","follow":"follow","max-snippet":"max-snippet:-1","max-image-preview":"max-image-preview:large","max-video-preview":"max-video-preview:-1"},"canonical":"https:\/\/golf.mwmdev.fr\/?page_id=871","og_locale":"fr_FR","og_type":"article","og_title":"Loisirs | Golf de Charmeil","og_description":"Loisirs | Loisirs au Golf H\u00f4tel de Charmeil | Activit\u00e9s vari\u00e9es en Is\u00e8re : d\u00e9tente, sport, nature et d\u00e9couverte dans un cadre exceptionnel autour du golf.","og_url":"https:\/\/golf.mwmdev.fr\/?page_id=871","og_site_name":"golf.mwmdev.fr","article_modified_time":"2025-04-14T13:43:22+00:00","og_image":[{"url":"https:\/\/golf.mwmdev.fr\/wp-content\/uploads\/2025\/03\/ot-grenoble.jpg","type":"","width":"","height":""}],"twitter_card":"summary_large_image","twitter_misc":{"Dur\u00e9e de lecture estim\u00e9e":"1 minute"},"schema":{"@context":"https:\/\/schema.org","@graph":[{"@type":"WebPage","@id":"https:\/\/golf.mwmdev.fr\/?page_id=871","url":"https:\/\/golf.mwmdev.fr\/?page_id=871","name":"Loisirs | Golf de Charmeil","isPartOf":{"@id":"https:\/\/www.golf.mwmdev.fr\/#website"},"primaryImageOfPage":{"@id":"https:\/\/golf.mwmdev.fr\/?page_id=871#primaryimage"},"image":{"@id":"https:\/\/golf.mwmdev.fr\/?page_id=871#primaryimage"},"thumbnailUrl":"https:\/\/golf.mwmdev.fr\/wp-content\/uploads\/2025\/03\/ot-grenoble.jpg","datePublished":"2025-03-20T16:47:00+00:00","dateModified":"2025-04-14T13:43:22+00:00","description":"Loisirs | Loisirs au Golf H\u00f4tel de Charmeil | Activit\u00e9s vari\u00e9es en Is\u00e8re : d\u00e9tente, sport, nature et d\u00e9couverte dans un cadre exceptionnel autour du golf.","breadcrumb":{"@id":"https:\/\/golf.mwmdev.fr\/?page_id=871#breadcrumb"},"inLanguage":"fr-FR","potentialAction":[{"@type":"ReadAction","target":["https:\/\/golf.mwmdev.fr\/?page_id=871"]}]},{"@type":"ImageObject","inLanguage":"fr-FR","@id":"https:\/\/golf.mwmdev.fr\/?page_id=871#primaryimage","url":"https:\/\/golf.mwmdev.fr\/wp-content\/uploads\/2025\/03\/ot-grenoble.jpg","contentUrl":"https:\/\/golf.mwmdev.fr\/wp-content\/uploads\/2025\/03\/ot-grenoble.jpg","width":225,"height":225},{"@type":"BreadcrumbList","@id":"https:\/\/golf.mwmdev.fr\/?page_id=871#breadcrumb","itemListElement":[{"@type":"ListItem","position":1,"name":"Home","item":"https:\/\/www.golf.mwmdev.fr\/"},{"@type":"ListItem","position":2,"name":"H\u00f4tel","item":"https:\/\/golf.mwmdev.fr\/?page_id=829"},{"@type":"ListItem","position":3,"name":"Loisirs"}]},{"@type":"WebSite","@id":"https:\/\/www.golf.mwmdev.fr\/#website","url":"https:\/\/www.golf.mwmdev.fr\/","name":"golf.mwmdev.fr","description":"","publisher":{"@id":"https:\/\/www.golf.mwmdev.fr\/#organization"},"potentialAction":[{"@type":"SearchAction","target":{"@type":"EntryPoint","urlTemplate":"https:\/\/www.golf.mwmdev.fr\/?s={search_term_string}"},"query-input":{"@type":"PropertyValueSpecification","valueRequired":true,"valueName":"search_term_string"}}],"inLanguage":"fr-FR"},{"@type":"Organization","@id":"https:\/\/www.golf.mwmdev.fr\/#organization","name":"golf.mwmdev.fr","url":"https:\/\/www.golf.mwmdev.fr\/","logo":{"@type":"ImageObject","inLanguage":"fr-FR","@id":"https:\/\/www.golf.mwmdev.fr\/#\/schema\/logo\/image\/","url":"https:\/\/golf.mwmdev.fr\/wp-content\/uploads\/2025\/04\/Logo-Domaine-Charmeil-web.png","contentUrl":"https:\/\/golf.mwmdev.fr\/wp-content\/uploads\/2025\/04\/Logo-Domaine-Charmeil-web.png","width":892,"height":567,"caption":"golf.mwmdev.fr"},"image":{"@id":"https:\/\/www.golf.mwmdev.fr\/#\/schema\/logo\/image\/"}}]}},"_links":{"self":[{"href":"https:\/\/golf.mwmdev.fr\/index.php?rest_route=\/wp\/v2\/pages\/871","targetHints":{"allow":["GET"]}}],"collection":[{"href":"https:\/\/golf.mwmdev.fr\/index.php?rest_route=\/wp\/v2\/pages"}],"about":[{"href":"https:\/\/golf.mwmdev.fr\/index.php?rest_route=\/wp\/v2\/types\/page"}],"author":[{"embeddable":true,"href":"https:\/\/golf.mwmdev.fr\/index.php?rest_route=\/wp\/v2\/users\/2"}],"replies":[{"embeddable":true,"href":"https:\/\/golf.mwmdev.fr\/index.php?rest_route=%2Fwp%2Fv2%2Fcomments&post=871"}],"version-history":[{"count":19,"href":"https:\/\/golf.mwmdev.fr\/index.php?rest_route=\/wp\/v2\/pages\/871\/revisions"}],"predecessor-version":[{"id":1520,"href":"https:\/\/golf.mwmdev.fr\/index.php?rest_route=\/wp\/v2\/pages\/871\/revisions\/1520"}],"up":[{"embeddable":true,"href":"https:\/\/golf.mwmdev.fr\/index.php?rest_route=\/wp\/v2\/pages\/829"}],"wp:attachment":[{"href":"https:\/\/golf.mwmdev.fr\/index.php?rest_route=%2Fwp%2Fv2%2Fmedia&parent=871"}],"curies":[{"name":"wp","href":"https:\/\/api.w.org\/{rel}","templated":true}]}}